 + 6. Calculate the remainder when 22 is divided by q(-2).
6
Let y be 8/28 + 894/7. Suppose -5*n + y = 48. Let t(i) = i + 31. Calculate the remainder when t(0) is divided by n.
15
Let i = -10 + 36. Let w = 2 - -7. What is the remainder when i is divided by w?
8
Suppose -d = h + 20, 0 = -5*h - 0*d + 4*d - 64. Let i = 25 - h. Let x(q) = q**2 - 7*q - 16. What is the remainder when i is divided by x(10)?
13
Suppose -3*k - 16 - 3 = 4*r, 55 = -5*k + 5*r. Let x = 9 + k. Suppose x = -5*y + y + 36. Calculate the remainder when y is divided by 4.
1
Let j(l) = -26*l + 1. Suppose -53 + 8 = -5*r. Let k be ((-2)/(-3))/((-3)/r). What is the remainder when j(k) is divided by 18?
17
Let p be 2/(-4) + 40/16. Suppose 4 = 4*m + 3*b, 1 = -m - 4*b + p. What is the remainder when 3 is divided by m?
0
Calculate the remainder when 46 is divided by 3/(-1*(0 - 3/5)).
1
Let o = -130 + 190. Calculate the remainder when 118 is divided by o.
58
Suppose 0 + 5 = i. Suppose -3*q = i*w - 27, -w + 15 = 5*q - 8. Let r = -2 + 6. Calculate the remainder when r is divided by w.
1
Let q(v) = -108*v**3 + 2*v**2 + 2*v + 1. Let o be q(-1). Let s = -73 + o. What is the remainder when s is divided by 13?
10
Let t = 0 + 0. Suppose q - 22 = 2*x, -4*q + t*x + 53 = -x. Let m = 16 + -9. What is the remainder when q is divided by m?
5
Let p(k) = k**3 - 6*k**2 + 9*k - 10. Calculate the remainder when p(7) is divided by 35.
32
Let d(h) = -h + 2. Suppose -2*a = -4*a + 130. Let v = a + -43. What is the remainder when v is divided by d(-6)?
6
Suppose -2*q = 2*q - 32. Let y = -30 - -52. Calculate the remainder when y is divided by q.
6
Let b = 981 + -971. Let z(w) = 3*w**2 + 5*w + 1. Calculate the remainder when z(-4) is divided by b.
9
Let b(x) = 2*x - 2. Suppose 2*r = -0*r + 12. Suppose 0 = 3*u - 2*a - 31, 5*u + 2*a - r - 19 = 0. Calculate the remainder when u is divided by b(3).
3
Suppose d = 88 - 24. Suppose d = 6*t - 5*t. Suppose t = 4*v + 4*b, 0 = 2*v + 3*b - 4 - 28. Calculate the remainder when 62 is divided by v.
14
Calculate the remainder when (-1)/((-1 + 5)/(-108)) is divided by 5.
2
Suppose -3*o - 5 = -2*i, -4*o - 2 = 5*i - 3. What is the remainder when (2/(-4))/(o/24) is divided by 5?
2
Suppose 5*z = 128 - 3. What is the remainder when z is divided by (-186)/(-14) + (180/(-42) - -4)?
12
What is the remainder when (66/(-9))/((-1)/3) is divided by 12?
10
Let t = 3 + 16. Calculate the remainder when 52 is divided by t.
14
Let c(k) = k - 2. Let b be c(4). Suppose -80 = -b*x + 4*x. Let v = 84 + x. Calculate the remainder when v is divided by 15.
14
Suppose 4*c + 12 + 16 = 0. Let v = c - -3. What is the remainder when 68 is divided by (-94)/v + (-2)/4?
22
Suppose 5*m = 5*s - 95, -s = 5*m - m + 6. Calculate the remainder when 41 is divided by s.
13
Let k(d) be the first derivative of -d**2/2 - 2*d + 4. Let q be k(-5). Suppose -1 + 4 = q*n. Calculate the remainder when n is divided by 1.
0
Suppose 0 = -0*o + o - 4. Calculate the remainder when o is divided by 2.
0
Suppose 0 = -d - 10 + 2. Let c = d - -11. Suppose -3*g = 5*n - 44, 7*n - 41 = 2*n - 2*g. Calculate the remainder when n is divided by c.
1
Let s(n) = 15*n**3 + n**2 - 2*n + 2. Calculate the remainder when s(1) is divided by 7.
2
Suppose -3*y = -0*y - 54. Suppose -20*k = 55 - 195. Calculate the remainder when y is divided by k.
4
Let k = 48 - 27. Suppose 2*u + 5*t - k = 0, -2*u - 4*t + 27 = 3*u. Suppose -b = y - 23, -2*b - 103 = -5*y - u*b. Calculate the remainder when y is divided by 7.
6
Let j = 35 - 22. What is the remainder when j is divided by 6 + (8 - (3 - -6))?
3
Let o = -11 - -15. What is the remainder when 29 is divided by (-464)/(-56) + o/(-14)?
5
Let p(d) = -8*d - 5. Let b be p(6). Let q = b + 92. What is the remainder when q is divided by 14?
11
Suppose 4*i + d + d - 64 = 0, -d = -5*i + 73. Suppose 10 - 6 = 4*a. Calculate the remainder when i is divided by 14 + -3 + a - 3.
6
What is the remainder when 31 is divided by (54 + 3)*1/3?
12
Let o(b) be the second derivative of -7*b**3/3 - b**2/2 + 5*b. Calculate the remainder when 50 is divided by o(-1).
11
Suppose 4*j + 3 = j. Let y = j + 20. Suppose y = -3*l + 76. Calculate the remainder when l is divided by 10.
9
Let l = 0 + 3. Suppose -3*q + 6 = -l. Calculate the remainder when 8 is divided by q.
2
Suppose -2*i + y = 2*y - 15, 4*i = -5*y + 27. Let v be 2/(-5) + 988/20. Suppose 4*w - v = 7. Calculate the remainder when w is divided by i.
6
Let l = 1 + 3. Let m(w) = -w**3 - 5*w**2 + 5*w + 5. Let d be (1/2)/(1/(-12)). What is the remainder when m(d) is divided by l?
3
Suppose -2*h = h + 3. Let j(x) = -2*x - 2. Calculate the remainder when j(-6) is divided by (7 + -8)*(h - 5).
4
Let s = -13 - 44. Let z be s/(-6) + (-3)/(-6). What is the remainder when (1 + -5)/((-2)/z) is divided by 11?
9
Let w(z) = z**2 + 4*z + 3. Let t be w(-4). Suppose 8 = t*y + 2. What is the remainder when y is divided by ((-2)/3)/((-4)/6)?
0
Let p(q) = -q**2 - 6*q + 6. Let o be p(-6). Let c(n) = n - 3*n + 7*n - 4. What is the remainder when c(o) is divided by 9?
8
Calculate the remainder when 46 is divided by (-611)/(-52) + 2/8.
10
Let q(k) = 13*k**2 + 2*k - 3. Suppose -7 + 3 = 2*x. What is the remainder when q(2) is divided by (20 - (-4)/x) + 0?
17
Let y(t) = t**3 - 5*t**2 + t + 4. Let v be y(4). What is the remainder when (36/(-7))/(v/84) is divided by 19?
16
Suppose -6*s + s = -410. Calculate the remainder when s is divided by 12.
10
Suppose c + p = 113, -p = -3*c - 6*p + 339. Let a = 64 - c. What is the remainder when (-117)/(-7) + (-14)/a is divided by 10?
7
Suppose -1004 = -5*c + 2*g, 5*c - 884 - 110 = -3*g. Suppose v = -3*v + c. Suppose 0 = -0*a - a + v. Calculate the remainder when a is divided by 26.
24
Suppose 7*o = 4*o + 210. What is the remainder when o is divided by 25?
20
Let y = 8 - -14. What is the remainder when (-2)/(-8) + 255/4 is divided by y?
20
Suppose -l = 2*d - 8, 3*l + 4*d - 6 - 8 = 0. Calculate the remainder when 33 is divided by (-36)/l*(-4)/(-6).
9
Let s be 2/2 - (-49 - 1). Suppose 3 - s = -4*d - 2*y, 5*d + 4*y = 54. What is the remainder when 27 is divided by d?
13
Let x(k) = 35*k - 2. Calculate the remainder when x(1) is divided by 12.
9
Suppose 2*f - 4*x - 4 = 0, 2*f + 5*x - 4 = -0*x. Suppose -5*w = -f*w - 6. Calculate the remainder when 2 is divided by 2*(15/6 - w).
0
Suppose -2*w + 5*t = 0, -4*t - 17 - 11 = 4*w. Let l = w - 1. Let k(p) = p**2 + 5*p + 5. Calculate the remainder when k(l) is divided by 6.
5
Let n be ((-5)/(-5))/(1/4). Let l(p) = p**3 - 3*p**2 + 6*p - 10. What is the remainder when 118 is divided by l(n)?
28
Let d(m) = m**3 - 4*m**2 + 4*m - 1. What is the remainder when 58 is divided by d(4)?
13
Suppose -z - 3 = 3*d + 5, -3*d = 4*z + 23. Calculate the remainder when 5 is divided by 12/(-30)*(d + -4).
1
Suppose 0 = j + 3*b - 1 + 6, -3*b = 4*j - 7. Let x be 2 + 0 + 1 + j. Suppose 4*o - 63 = -x. What is the remainder when 26 is divided by o?
12
Let j(t) = t**3 + 9*t**2 + 7*t + 13. What is the remainder when j(-7) is divided by 32?
30
Let b(p) = 7*p**3 - 3*p**2 + 3*p - 2. Let x be b(2). Suppose 0 = 3*w - 7*w + x. Let d = 32 - -2. What is the remainder when d is divided by w?
10
Suppose -153 = -4*f + 59. Calculate the remainder when f is divided by 11.
9
Let q(z) = -z. Let d(j) = 3*j - 1. Let w(f) = f - 4. Let l be w(8). Let p(a) = l*d(a) + 11*q(a). What is the remainder when 7 is divided by p(8)?
3
Calculate the remainder when (-480)/45*33/(-2) is divided by 20.
16
Suppose -4*n + 42 = -u, 0 = -n + 4*u + u + 20. Let y = -18 + n. Let a = -1 - y. Calculate the remainder when a is divided by 3.
1
Let z = 0 + 6. Calculate the remainder when 11 is divided by z.
5
Suppose 5*f - k = 44, 26 + 20 = 5*f + k. Let s be 1/((-3)/6*2). Calculate the remainder when 32 is divided by f - s/(-1)*-2.
10
Let t(n) = 3*n. Let g be t(1). Suppose -2*j - 5*m + 10*m - 5 = 0, -3*m = g*j - 24. Suppose 0 = 3*i + 11 - 35. What is the remainder when i is divided by j?
3
Let k = 183 + -136. What is the remainder when k is divided by 27?
20
Let t = 74 - 25. Calculate the remainder when t is divided by 10.
9
Let t = -110 + 137. Calculate the remainder when 78 is divided by t.
24
Let x = -12 + 20. Let k(m) = m**2 + 2. Let d be k(6). Let r = d - 23. Calculate the remainder when r is divided by x.
7
